/4)/((-1)/4). Suppose 0*x = -k*x + 539. What are the prime factors of x?
7, 11
Let z = -37 - -41. Suppose z*a = -4*c + 832, c - 4*a - 1076 = -4*c. Suppose c = 6*t - 2*t. List the prime factors of t.
53
Suppose 0 = 4*p - o - 213, 0 = 5*p - 4*o - 155 - 114. Let u = 594 - p. What are the prime factors of u?
541
What are the prime factors of (-5876)/((-374)/792 + (-2)/(-8 + 0))?
2, 3, 13, 113
Suppose -86*y + 10080 = -78*y. Suppose -5*v = -825 - y. What are the prime factors of v?
3, 139
Let o(n) = -n**2 - 21*n + 133. Let t be o(-26). Suppose 623 + 541 = t*g. What are the prime factors of g?
2, 97
Suppose -89 = -5*f + 36. Suppose -v + 11 = 3*u - 0, 5*u + 5*v - f = 0. Suppose -3*p + 3*b + 54 = 0, -u*p + b + b = -53. What are the prime factors of p?
17
What are the prime factors of -7*3054/(-35)*40?
2, 3, 509
Suppose -44*v + 40*v = 32. Let j be ((-3)/(-30)*8)/(v/3020). Let r = 515 + j. List the prime factors of r.
3, 71
Suppose 14*y - 19*y + 250 = 0. Let h be (-1)/(-2)*y*13. Suppose -119 = -t - 5*p, -3*t + 5*p - 28 + h = 0. List the prime factors of t.
2, 13
Suppose -4*c = -2*z + 8, -6 = z - 3*c - 10. Suppose -z*i = -369 + 137. What are the prime factors of i?
2, 29
Suppose -15425 - 15226 = -17*s. Suppose 4*w - 6214 = -2*g, 3*w - 2862 - s = 3*g. What are the prime factors of w?
2, 3, 7, 37
Let h(u) = -21*u**3 - u**2 + 3*u - 1. Let w be h(-2). Let t = -108 + w. Suppose 5*a - t = -4*v, -31 = -4*a + a - 2*v. What are the prime factors of a?
13
List the prime factors of (18 - 11) + 4*(-26349)/(-2) + 1.
2, 19, 73
Let o(s) be the third derivative of s**5/60 + 4*s**4/3 + 193*s**3/6 + s**2 - 100. List the prime factors of o(-26).
37
Let j = -99 + 93. Let r(o) = -2*o**3 - 2*o**2 + 6*o - 4. Let m be r(j). Suppose -m = -7*l + 814. What are the prime factors of l?
2, 3
Suppose 3*j - 27 = 2*j. Let w(x) = 4*x - 4 + j*x**2 + 10 + 32*x**2 - 8. What are the prime factors of w(1)?
61
Let t(m) be the third derivative of -35*m**4/3 - 8*m**2. Let h(z) = 7*z. Let k(j) = 238*h(j) + 6*t(j). What are the prime factors of k(-4)?
2, 7
Let d = -11030 + 19851. List the prime factors of d.
8821
Let r(z) = z**3 - 8*z**2 + 12*z + 5. Suppose a - 28 + 21 = 0. Let c be r(a). What are the prime factors of 4/(c/574) - 4/10?
3, 19
Let d(p) = -149*p + 16. Let a(x) = -x**2 - 43*x + 237. Let n be a(-48). What are the prime factors of d(n)?
463
Let d = -176 - -182. What are the prime factors of -486*((189/d)/(-9) - -3)?
3
Let i(q) = 200*q - 116. Let f be i(4). What are the prime factors of (19/(f/4848))/(2/15)?
2, 5, 101
Suppose -10 = h - 5*u, 3*h - u + 5 = 3. Suppose 3618 = 3*k - h*k - 2*t, -3*t - 1199 = -k. List the prime factors of k.
2, 151
What are the prime factors of 8575/5 + (-1 - (0 - 0))?
2, 857
Let d(c) = -c**2 - 13*c + 14. Let n = -10 + 8. Let m(j) = -j**2 - j + 1. Let u(h) = n*m(h) + d(h). What are the prime factors of u(10)?
2
Let f(x) = -8772*x - 153. What are the prime factors of f(-2)?
3, 11, 17, 31
List the prime factors of (-14 + 13)/(2*(-3)/11106).
3, 617
Suppose 3*b = 15*b + 12. List the prime factors of (b - -421) + (-5 - (1 + -1)).
5, 83
What are the prime factors of (-5968557)/(-1055) - (-6)/10?
2, 3, 23, 41
Suppose -q = -4*q + 3*a, 3*q - 6 = a. Suppose -3*p = -8*p + 65. Suppose 0 = q*j + p - 208. List the prime factors of j.
5, 13
Let w(o) = -69*o**3 + o**2 + 2*o + 1. Suppose -5*b + 4*b = -6. Let a be (-4)/b*45/30. List the prime factors of w(a).
3, 23
Suppose 80*b - 408196 = -238673 + 262557. What are the prime factors of b?
11, 491
List the prime factors of (-4)/10*(-10)/(-6)*-1506.
2, 251
Let f = -132 + 49. Let j = 41 + f. What are the prime factors of (-2)/((7/(j/(-4)))/(-41))?
3, 41
Let z(c) = -2*c**3 - 23*c**2 + 14*c - 6. Let s be z(-12). List the prime factors of (-3)/2 - 22545/s.
2, 3, 5
Let d = -3 - 15. Let t = -1108 + 1148. Let g = t + d. List the prime factors of g.
2, 11
Suppose 2 = p - 1. Suppose -p*g - 13 = -4. Let z(y) = 3*y**2 - 6*y - 2. List the prime factors of z(g).
43
Let t = 5604 - -2037. What are the prime factors of t?
3, 283
Let z(u) = 236*u**2 - 23*u + 110. List the prime factors of z(4).
2, 7, 271
Suppose -2*z + 8 = 2, 4*z - 360 = 3*q. Let k = q + 145. List the prime factors of k.
29
Let q(c) = -28345*c + 238. What are the prime factors of q(-1)?
101, 283
Let s = 109 - 143. Let t = s + 136. List the prime factors of t.
2, 3, 17
Let o(s) = 348 - 696 + 130*s**3 + 97*s**3 + 349. What are the prime factors of o(2)?
23, 79
Suppose w + 58 = -2*d - 94, -5*d + 20 = 0. Let p = 260 + w. What are the prime factors of p/3*9/6?
2, 5
Let h(m) = 3 + 41 + 5*m - 8*m. Let n be h(13). Let j(g) = 3*g**3 - 7*g**2 + 6*g + 6. List the prime factors of j(n).
2, 59
Suppose 3*p - 180 = 5*a, -4*a - 3*p - 150 = a. Let i = a - -69. Let q = -15 + i. What are the prime factors of q?
3, 7
Let n = 168 + -173. Let a(l) = -104*l + 28. What are the prime factors of a(n)?
2, 137
Suppose -2*q + 97 = 3*k, -6*k = -8*k - 4*q + 70. Let o(g) = 2*g**2 - 56*g - 45. What are the prime factors of o(k)?
3, 47
Let m be ((-19558)/(-15) - -1) + (-20)/(-150). Let t be (m/(-6))/(((-21)/4)/7). List the prime factors of t/22 - (-6)/(-33).
13
Let m(x) = 4*x - 34. Let c be m(6). What are the prime factors of ((-84)/(-30))/7 - 3406/c?
11, 31
Let m = -33100 + 56978. What are the prime factors of m?
2, 11939
Suppose -25*p = -2*p - 207. Suppose 960 = -p*q + 12*q - 3*i, -2 = -2*i. What are the prime factors of q?
3, 107
Let d(o) = -316*o**3 + o**2 - 1. Let j be d(1). Suppose -4725*v - 24 + 9 = -4710*v. What are the prime factors of v/2*j/(0 + 2)?
79
Suppose 26 = -t + 5*u + 5, 21 = 4*t + u. Suppose g - 5 = a, t*g - 2*g + 4*a = -2. Suppose 2*d - g*p - 346 = -p, 2*d = -p + 337. What are the prime factors of d?
2, 5, 17
Suppose 33 - 42 = d. Let l(o) = -o**3 + 20*o + 4. List the prime factors of l(d).
7, 79
Suppose -43*v + 238384 = -169944. List the prime factors of v.
2, 1187
Suppose 0 = x + 5*x - 24. Suppose x*o + 43 = 159. Suppose -6*d = -527 + o. What are the prime factors of d?
83
Let t be 12/(-27) - 101840/(-72). Suppose -2*k - 4*j + 1418 = 0, 3*k - 733 = -2*j + t. List the prime factors of k.
719
Let s(n) = 477*n - 9535. Let c be s(20). Let m = 18 + -12. Suppose -c*x = -m*x + 139. List the prime factors of x.
139
Let v = 1758 - 1559. Suppose -3*j - 2*j = o - 28, -3*o = 2*j - 6. What are the prime factors of j + 1 + -1 + -3 + v?
2, 101
Let h(s) = s**2 - 12*s + 4. Let o be h(12). Suppose 5*k - 7 = 3, o*x - 5*k = -10. Suppose x = -0*t - 4*t + 304. List the prime factors of t.
2, 19
Suppose -4*n = -2*o - 37870, 2*n - 12619 - 6313 = 2*o. List the prime factors of n.
17, 557
Suppose 28*t = 23*t + 1090. Let g = t + 42. What are the prime factors of g?
2, 5, 13
Let v(j) = 49*j + 112. Let y be v(-8). Let p = 295 + y. What are the prime factors of p?
3, 5
Suppose 3*r - p - 967 = 0, 3*p + 825 = 5*r - 788. Suppose 5*k = r - 22. List the prime factors of k.
2, 3, 5
Let x be 1/(2/(-28)*(-6)/(-3)). Let o(z) = -2*z**2 + 6*z**2 - 10*z + 14*z + 14*z + 10. List the prime factors of o(x).
2, 5
Let l(x) = x**3 - 16*x**2 + 103*x + 115. List the prime factors of l(10).
5, 109
Let b be 1*3048/(-56) + 4/(-7). Let x = b + 422. What are the prime factors of x?
367
Suppose 3677274 = 15*q + 38*q + 76*q. What are the prime factors of q?
2, 3, 4751
List the prime factors of (1*-5 - (-806)/182) + 1437210/70.
7, 419
Let g = 12464 - 5675. What are the prime factors of g?
3, 31, 73
Let m(x) = 379*x + 60. What are the prime factors of m(29)?
43, 257
Suppose -21*s + 187713 = -49446 - 41637. List the prime factors of s.
2, 3319
What are the prime factors of (673155/175)/(6/20)?
2, 3, 2137
Suppose 0 = -2*t - 8 + 34. Let a(g) be the third derivative of g**6/120 - 11*g**5/60 - 5*g**4/6 + 7*g**3/6 + 35*g**2. What are the prime factors of a(t)?
5, 17
Let t(c) = -c**2 - 16*c. Let l be t(-15). Suppose -5 = 5*v - l. Suppose -v*w = -2*z + 3*z - 161, -3*z = -5*w + 408. List the prime factors of w.
3
Suppose q + 1 = 30. Suppose 0 = -l + 5*l + 5*y - q, 52 = 5*l + y. Let o = l + 76. What are the prime factors of o?
3, 29
Let d be 2/(-4) + 1 + 222490/76. What are the prime factors of d/5 + 30/75?
2, 293
Let c(v) = v - 20. Let h be c(7). Let k(r) = r**3 + 12*r**2 - 14*r - 11. Let t be k(h). List the prime factors of 43 + 5 + t + -2.
2, 3
Let q = -